er?
True
Let u = 1194 - 451. Let d = -1171 + u. Let f = d - -1051. Is f a composite number?
True
Suppose -5*s + 1890 = -4*t, 7*t = 2*s + 4*t - 756. Let w = s - -3145. Is w a prime number?
False
Suppose 86*y - 88*y + g = -1057046, -y = 3*g - 528509. Is y a composite number?
True
Let z(v) = 27187*v + 10206. Is z(5) a composite number?
False
Suppose -3*y - 5*h = -2218480 - 40173, 4*y = -h + 3011560. Is y prime?
True
Suppose 1131*c - 9393156 = 1095*c. Is c prime?
True
Let k(x) = 2*x**3 - 21*x**2 - 15*x + 205. Is k(71) a prime number?
True
Let f = -13233 + 23378. Is f a prime number?
False
Let p(u) = 2*u**2 - 26*u - 33. Let x be p(14). Let v(m) = -441*m - 38. Is v(x) prime?
False
Let w(k) be the first derivative of -67*k**3/6 - 37*k**2/2 - 15*k - 25. Let t(n) be the first derivative of w(n). Is t(-6) prime?
False
Suppose -12*r = 15 + 9. Let b be (1353/r)/((6/(-4))/3). Suppose -2*m - 544 = -2*g - 3*m, 5*g - m - b = 0. Is g composite?
False
Suppose 0 = 204*p - 270*p + 2153778. Is p a composite number?
False
Suppose 0 = 25*y + 124572 - 515597. Suppose 0 = -2*f - b + 6256, 5*f + 6*b - 3*b = y. Is f prime?
False
Is 48391 - 7 - 26/2 composite?
False
Let j(z) = 2090*z - 3. Let l be 12/(-330)*-5 + 159/33. Is j(l) prime?
False
Suppose -17209 = -2*t - 3447. Let r(c) = -c**3 - c**2 - 2*c - 2. Let i be r(-2). Suppose -i*g = g - t. Is g a composite number?
False
Is 6 + ((-4)/(-18) - (-1647)/243) + 544906 a prime number?
True
Suppose 40077 + 69058 = 23*t. Let g = t + 2034. Is g a prime number?
True
Let p(l) = -2784*l - 225. Is p(-11) a composite number?
True
Suppose 0 = 6*b + 2469 + 315. Let p = b - -2901. Is p composite?
False
Is 1 - 3 - -3 - -220248 - 6*1 prime?
True
Let m = -7 - -21. Suppose -15*u = -m*u - 319. Suppose 7*r - u = 6*r. Is r composite?
True
Let f(c) = -2*c**3 + 63*c**2 + 6*c + 7. Let s be f(29). Let a = s + -2044. Is a prime?
False
Is 654/5559 - (-10807950)/34 a composite number?
True
Let j be 11 + -2 + (-20)/15*3. Suppose 36652 + 7053 = j*p. Is p prime?
True
Let v = -236862 - -928379. Is v prime?
False
Let y be 3/(((-2)/(-4))/((-26)/6)). Let l(k) = 6*k**2 - 11*k + 56. Let n be l(y). Suppose -2*w - 2*g - g + 2932 = 0, 0 = -3*w - 2*g + n. Is w composite?
True
Let j(q) = -1808*q - 25. Let u be j(-4). Suppose 5*o + 2*c = -12008, 3*o = -0*c + c - u. Let a = o + 4351. Is a composite?
False
Let q be 2*(-3)/45 + (-64)/(-30). Suppose -q*c + 7*c = 84945. Suppose 0 = 3*o + 2*v - c, -2*o + 5372 = 3*v - 5954. Is o a composite number?
True
Let n(s) be the third derivative of s**6/30 + s**5/30 + 5*s**4/8 + 31*s**3/6 - 15*s**2 + s. Is n(12) a composite number?
False
Suppose -15*s = -36*s + 92085. Is s a composite number?
True
Is -7*((-39159780)/105)/22 a prime number?
False
Let u(t) = -t - 38. Let p be u(28). Let n be (8/(32/p))/((-2)/12). Suppose -n*j + 94*j + 4685 = 0. Is j a composite number?
False
Is ((-2393014)/(-93))/(5/((-90)/(-12))) composite?
True
Let n = -70 + -11. Let c = 1202 - n. Is c prime?
True
Is (6423566/(-354))/(2/(-6)) a prime number?
True
Let m(z) = -2*z**3 - 18*z**2 - 2*z - 16. Let f be m(-9). Is 5897 - (-4 - (-10 + f)) - -4 composite?
False
Let h be -36*(5/15)/1*-213. Suppose c - h = -4*y + 5315, -5*y = -2*c + 15729. Is c a prime number?
True
Is 163595 + -36 - (-1 + 9 + 2) a prime number?
False
Suppose -3*a + 9*a = a. Let r(t) be the third derivative of -t**6/120 + 53*t**3/6 + 11*t**2. Is r(a) a prime number?
True
Let h = 519267 - 360305. Is h prime?
False
Suppose 0*f + 175616 = -4*f. Let v be ((-125)/15)/(-25) + 87818/(-6). Is (-1)/(f/v - 3) a composite number?
False
Suppose 3*u = -4*w + 240, 9*u = -5*w + 13*u + 269. Suppose p - w + 903 = n, 0 = 4*p + 16. Is n a composite number?
True
Suppose -25 - 23 = -6*y. Let l be (-1 + y)/(16/(-64)). Let j(i) = 2*i**2 + 31*i - 69. Is j(l) a prime number?
True
Let n(r) = -r**2 - 6*r - 1. Let g be n(-8). Let j(k) = -5*k**3 + 16*k - 16*k**2 + k**3 + 42 + 3*k**3 + 0*k**3. Is j(g) a prime number?
True
Suppose 3*p + 72 = -4*o, 0 = -0*o - 2*o - 6. Let x(r) be the second derivative of r**5/20 + 7*r**4/4 + 3*r**3/2 + 31*r**2/2 - 1625*r. Is x(p) prime?
True
Let n be 2/16 + 2080749/88. Let j = n - 11638. Is j a composite number?
False
Suppose 209*b - 18760231 = 3329108 - 2107058. Is b a prime number?
False
Let o = 205119 - 117856. Is o prime?
False
Let s = -522 - -6313. Let d = s + -2674. Is d a composite number?
True
Suppose 691258 = -196*l + 24755550. Is l prime?
True
Let k = -59235 + 116762. Is k a composite number?
False
Let c = -121 + 200. Let q = c + 18. Is q a composite number?
False
Suppose 5 = 2*y - 4*g - 31, -3*y + 14 = 2*g. Let a be (-4)/(4 - y) + -1. Suppose -3*z + 2103 = s, a*z - 3505 = -5*z - 3*s. Is z composite?
False
Let t(f) = -4*f**2 - 10*f. Let p be t(-2). Suppose 0 = -2*g, -3*j - p*g + g + 12 = 0. Suppose j*k - 892 = -3*b, -3*k - 4*b + 870 = 208. Is k composite?
True
Is (5 + 59187/(-9))/(1/159*-2) composite?
True
Let i = 43330 - 28937. Is i prime?
False
Let g(f) = f**3 - 4*f**2 - 4*f - 13. Let t = -23 + 28. Let p be g(t). Is -1958*(p/2)/8 a prime number?
False
Suppose 0*x = 2*c + 5*x - 1870, -2*x + 3708 = 4*c. Let s = 1374 - c. Is s prime?
True
Let i(w) = 998*w**2 + 668*w - 13. Is i(-11) composite?
True
Let k be (-61996)/(-10) + (-2)/(-20)*-6. Suppose k = -16*o + 30567. Is o composite?
False
Let m be (-2)/((-15)/10 + 1). Let f(j) = 0*j**3 + 4*j**2 + j + 11*j**3 + 4 - m*j**2 - 5*j**2. Is f(3) prime?
False
Let y = 47 - 42. Suppose 2*h + y*h = 6*h. Suppose 422 = s - h*s. Is s a composite number?
True
Suppose -5*v + h + 244346 = 0, -4*h = -2*v + 7251 + 90491. Is v a prime number?
True
Suppose 2*w + 135998 = 4*m, 7132 = m + 5*w - 26840. Is m composite?
False
Let z(t) = -2649*t**3 + 3*t**2 + 4*t - 35. Is z(-3) a composite number?
False
Let n = -21 - -23. Let c(k) = 286*k**2 + 2*k - 3. Let w be c(1). Suppose -436 - 148 = -n*p - o, -p + w = 4*o. Is p composite?
False
Let f(w) = 7011*w**2 + 15*w + 55. Is f(-5) a prime number?
False
Let i = 14676 - -2167. Is i a composite number?
False
Suppose 2*b - 159859 = -5*d + 131894, 0 = -d - 1. Is b a prime number?
True
Let m = -19 - -21. Is (-327)/(-1) + m - (-12 - -10) a composite number?
False
Let y(n) = 29*n - 10. Let l be y(1). Suppose 4*r = x + l, 0 = -3*r + 2*r + x + 4. Suppose 5*z - 589 = -2*s, r*s + 4*z = 3*s + 594. Is s composite?
False
Let d(m) be the third derivative of m**5/60 + 7*m**4/24 + m**3/2 - 15*m**2. Let h be d(-7). Suppose -1901 = 2*k - h*k. Is k composite?
False
Is -1 + (2306031/63 - (-4)/(-6)) a composite number?
True
Suppose -8 + 14 = -2*g. Is 480 + (-4 - g)/((-1)/1) a prime number?
False
Suppose 76 = 4*v + 2*q, 3*v + 2*q - 47 = -2*q. Let j be 17062/1347*(((-5)/2)/5 - -2). Suppose -j*s + v*s - 3926 = 0. Is s a composite number?
True
Let v = -328378 + 549477. Is v a prime number?
False
Suppose -5*k + 3*m - 30 = 0, -k - 3*m - 12 = -6. Is (k + 5)/(4/(-6236)) a prime number?
True
Suppose 4*y + 5*w = 91, 9*y + 3*w = 8*y + 28. Suppose -57505 = -y*a + 6202. Is a composite?
True
Let i(r) = 3*r**2 - 3*r. Let k be i(2). Let v = 3395 + -1210. Suppose -x = -k*x + v. Is x a prime number?
False
Let c = -214 + 234. Suppose 18*f + 11018 = c*f. Is f composite?
True
Suppose -3858 = 4*x - 11250. Let c = x - -4030. Is c prime?
False
Let d(f) = -34036*f + 815. Is d(-3) a prime number?
False
Let w be ((-55)/(-110))/(2/12 - 0). Suppose 8*k - 4*k - 11290 = -w*j, -j + 2822 = k. Suppose -170 = -2*n + k. Is n a prime number?
False
Let d(r) = -r**2 + 28*r - 89. Let u be d(21). Suppose 6414 = -52*z + u*z. Is z a prime number?
True
Let v = 72 - 28. Suppose -1227 = -v*i + 41*i. Is i a prime number?
True
Let n(i) = -2*i - 168. Let x be n(26). Suppose -3*w - 280 = 1295. Let f = x - w. Is f composite?
True
Let o be ((-210)/(-12))/((-6)/12). Is (-1443 + -1)*8/(o + 3) composite?
True
Suppose 50*d - 21778726 = -32*d - 4*d. Is d prime?
False
Suppose 35*d + 76*d + 190645 = 17655718. Is d composite?
True
Suppose -v - 13*g + 15*g = 62, 0 = 2*v + 3*g + 89. Is (-113295)/v + (-3)/(-12) prime?
True
Let j be (78/195)/((-2)/1730)*-1. Let n = j - -741. Is n composite?
False
Suppose 0 = 105*q - 498*q + 15147399. Is q composite?
False
Suppose -14*g = -7*g - 194005. Let b = -15200 + g. Is b a composite number?
True
Let s(p) = 2*p**2 + 2*p - 7. Let z be s(-4). Suppose z*q - 13*q - 